-170
Let t(y) = -y**2 + 26*y - 4. Determine t(24).
44
Let w(f) = f**3 - 2*f**2 + f - 2. Give w(3).
10
Let t(c) = 10*c**2 + c. Determine t(-1).
9
Let p(x) = 6*x + 61. Give p(-14).
-23
Let d(w) = -w**3 - 8*w**2 + 12*w + 13. Determine d(-9).
-14
Let b(j) = -3*j - 24. Determine b(-8).
0
Let n(m) = 18*m - 124. What is n(7)?
2
Let k(o) = o**3 + 6*o**2 + 13*o + 8. What is k(-3)?
-4
Let d(t) = t**3 - 9*t**2 + 10*t - 15. What is d(8)?
1
Let l(o) = -3*o + 50. Calculate l(15).
5
Let h(p) = -66*p - 12. Give h(-1).
54
Let t(p) = -11*p + 79. Give t(7).
2
Let v(h) = h**3 - 11*h**2 + 12*h - 11. Give v(10).
9
Let h(i) = 4*i**2 + 56*i - 4. Determine h(-15).
56
Let u(o) = -o**2 - 13. Determine u(0).
-13
Let y(q) = 86*q + 9. What is y(-1)?
-77
Let p(d) = -d + 19. Give p(25).
-6
Let d(z) = z**2 + 13*z - 4. What is d(-11)?
-26
Let d(n) = n**2 + 6*n + 2. Calculate d(-3).
-7
Let u(c) = 4*c + 47. Give u(-12).
-1
Let t(q) = -q + 8. Give t(7).
1
Let b(g) = -g**2 + 12*g - 9. What is b(9)?
18
Let c(f) = -f**2 - 7*f + 1. Determine c(-4).
13
Let c(v) = 22*v**3 + 111*v**2 + 8*v + 11. Calculate c(-5).
-4
Let m(d) = -2*d + 48. Calculate m(26).
-4
Let m(o) = -o + 6. What is m(17)?
-11
Let d(p) = -24*p + 32. Give d(2).
-16
Let n(p) = p**3 + 6*p**2 - p - 9. What is n(-6)?
-3
Let c(t) = -t**3 - 3*t**2 + t + 1. Determine c(-2).
-5
Let v(o) = -3*o - 20. Give v(-15).
25
Let r(i) = i + 21. Calculate r(-3).
18
Let g(w) = -w**2 + 7*w - 3. Determine g(5).
7
Let v(u) = -u**2 + 7*u - 3. Give v(10).
-33
Let a(p) = -p**3 + 16*p**2 + 18*p - 19. Give a(17).
-2
Let x(q) = q**3 + 10*q**2 - 9*q + 10. Calculate x(-11).
-12
Let p(u) = -3*u + 4. Give p(7).
-17
Let n(v) = -v**2 + 2*v + 6. What is n(0)?
6
Let w(i) = -8*i + 17. What is w(-6)?
65
Let w(m) = m**2 - 7*m + 5. Calculate w(7).
5
Let m(k) = 6*k**2 + 16*k + 2. Calculate m(-5).
72
Let h(p) = -3*p - 114. Calculate h(-32).
-18
Let y(w) = w**3 - 23*w**2 - 19*w - 112. Calculate y(24).
8
Let y(n) = -2*n + 19. Determine y(11).
-3
Let h(d) = d**3 + 10*d**2 - 13*d + 121. Determine h(-12).
-11
Let k(d) = -26*d - 212. Determine k(-8).
-4
Let i(j) = -j**3 - 2*j**2 + 3*j - 1. Give i(-3).
-1
Let a(b) = b**2 + 3*b + 9. What is a(-6)?
27
Let r(i) = -i**2 - 32*i - 43. Calculate r(-30).
17
Let y(i) = 2*i + 8. Give y(14).
36
Let n(o) = -3*o**2 + 9*o - 14. Calculate n(5).
-44
Let r(t) = -t**2 - 3*t + 4. Calculate r(-3).
4
Let b(a) = -7*a - 64. Give b(-10).
6
Let f(w) = -w**2 - 7. Calculate f(-3).
-16
Let h(v) = v**3 - 11*v**2 + 2*v + 15. Determine h(11).
37
Let f(p) = -5*p**2 - 1. Determine f(-1).
-6
Let f(w) = -9*w**3 + 2*w**2 + w - 2. Calculate f(1).
-8
Let x(u) = u - 32. Give x(20).
-12
Let l(n) = -5*n - 14. Calculate l(-4).
6
Let c(a) = a**3 - 10*a**2 - 3*a + 11. Give c(10).
-19
Let q(m) = m**2 - m - 9. Give q(0).
-9
Let h(p) = p**2 - 18*p - 23. Determine h(17).
-40
Let b(z) = z**3 + 9*z**2 + 3*z - 1. What is b(-9)?
-28
Let g(c) = -2*c**2 + 11*c - 2. Give g(5).
3
Let q(j) = j**2 - j - 1. What is q(3)?
5
Let s(h) = -2*h**3 + 15*h**2 - 5*h - 11. What is s(7)?
3
Let q(u) = -u**2 - 7*u + 85. Give q(-13).
7
Let u(g) = -g**3 - 11*g**2 - 32*g - 24. Give u(-7).
4
Let u(s) = -2*s**2 - 8*s - 4. Give u(-2).
4
Let d(n) = -2*n**3 - 22*n**2 - 2*n - 15. Give d(-11).
7
Let s(c) = -3*c - 12. What is s(12)?
-48
Let s(g) = -g**2 + 35*g + 251. Calculate s(41).
5
Let i(b) = b**3 - 4*b**2 + 8*b - 9. Give i(4).
23
Let d(n) = -n**2 - 14*n + 4. Calculate d(-8).
52
Let b(r) = 9*r - 1. Determine b(-1).
-10
Let q(k) = 5*k - 19. Determine q(3).
-4
Let f(x) = -24*x. Calculate f(4).
-96
Let v(a) = 10*a - 14. Give v(2).
6
Let t(u) = -21*u + 60. Give t(3).
-3
Let s(j) = -j**2 - 5*j - 11. Calculate s(0).
-11
Let h(w) = w**3 - 19*w**2 + 16*w + 40. Give h(18).
4
Let a(f) = -f**3 - 5*f**2 - 5*f - 11. Determine a(-5).
14
Let w(d) = -d**3 - 16*d**2 + 15*d - 33. Determine w(-17).
1
Let f(z) = z**3 + 4*z**2 - 3*z. Calculate f(-5).
-10
Let g(h) = -h**2 - 3*h + 5. Determine g(4).
-23
Let t(k) = k**3 + 6*k**2 + 4*k - 7. Give t(-5).
-2
Let t(q) = -6*q**2 + q + 6. Determine t(3).
-45
Let x(u) = -9*u**2 + u. Calculate x(-1).
-10
Let r(c) = -c**3 + 6*c**2 + 9*c - 14. Give r(5).
56
Let v(j) = 13*j**2 - j + 1. Give v(-1).
15
Let w(l) = -7*l - 1. Determine w(4).
-29
Let d(y) = -y**3 + 14*y**2 - 31*y - 18. Calculate d(11).
4
Let l(d) = -2*d**2 + 7*d - 7. Give l(5).
-22
Let t(w) = w**2 - 2*w + 1. Give t(2).
1
Let b(l) = -l + 6. Give b(4).
2
Let n(j) = -j**3 + 9*j**2 - 9*j + 9. What is n(8)?
1
Let x(c) = c + 19. What is x(-12)?
7
Let n(i) = i**3 - 6*i**2 - i + 7. Give n(6).
1
Let i(n) = n**3 - 16*n**2 - 14*n - 41. Determine i(17).
10
Let v(p) = 2*p**2 - 12*p - 17. What is v(7)?
-3
Let j(q) = -6*q**2 + 3*q + 2. Calculate j(-1).
-7
Let c(u) = u**2 + 13*u - 129. Calculate c(-20).
11
Let j(i) = -5*i + 35. Calculate j(6).
5
Let c(x) = -2*x - 8. What is c(-18)?
28
Let f(k) = k**2 - 2*k + 4. What is f(3)?
7
Let f(k) = -k**3 + 3*k**2 + 4*k - 3. Calculate f(4).
-3
Let y(u) = -4*u - 8. Give y(-5).
12
Let z(h) = 44*h + 331. What is z(-7)?
23
Let l(x) = -x**3 - 17*x**2 - 67*x + 11. Calculate l(-11).
22
Let h(m) = -m**3 + 5*m**2 - m + 5. Calculate h(6).
-37
Let z(q) = q**3 + 3*q**2 - 10*q + 17. Give z(-6).
-31
Let z(x) = 2*x**2 - 3*x + 22. Calculate z(5).
57
Let z(f) = -14*f - 440. Give z(-31).
-6
Let c(x) = 2*x**3 + 3*x**2 - 3*x. Determine c(1).
2
Let f(x) = x**2 + 6*x + 3. Give f(-6).
3
Let w(z) = -2*z**2 + 52*z - 326. Give w(16).
-6
Let o(d) = d**3 + 14*d**2 + 5. Determine o(-14).
5
Let j(a) = a**3 + 6*a**2 + a - 12. Give j(-6).
-18
Let p(z) = -z - 18. What is p(-6)?
-12
Let u(s) = -10*s**2 - 4*s - 5. Calculate u(-2).
-37
Let x(g) = g**2 + 3*g - 43. Give x(0).
-43
Let v(k) = k**3 + 8*k**2 - 10*k + 13. Calculate v(-9).
22
Let m(q) = 5*q**3 + q**2 + 5*q - 10. What is m(2)?
44
Let w(a) = -4*a**2 + 12*a + 23. Calculate w(-2).
-17
Let v(y) = -y**2 - 11*y - 18. Determine v(-8).
6
Let p(z) = 2*z - 6. Determine p(-8).
-22
Let u(x) = -x**3 + x**2 + x + 4. Give u(3).
-11
Let x(q) = 4*q**2 + 4*q + 48. Calculate x(-6).
168
Let u(c) = -84*c - 764. Calculate u(-9).
-8
Let a(x) = -x**3 + 3*x**2 + 2*x + 12. Give a(5).
-28
Let l(q) = q**3 + 2*q**2 - 43*q + 44. What is l(-8)?
4
Let w(r) = r**3 - 2*r**2 - 3*r - 2. Give w(3).
-2
Let v(y) = y**3 + y**2 - 3*y - 5. Determine v(2).
1
Let h(b) = 27*b - 3. Give h(1).
24
Let i(j) = j**3 - 27*j**2 - 26*j - 13. Calculate i(28).
43
Let a(j) = -j**2 - 10*j - 14. Calculate a(-11).
-25
Let v(h) = h**2 + 13*h + 14. Determine v(-11).
-8
Let r(b) = 2*b + 3. What is r(-7)?
-11
Let w(c) = 10*c - 27. Determine w(3).
3
Let g(q) = q**3 - 5*q + 5. What is g(4)?
49
Let q(n) = -n**2 + 14*n - 55. What is q(6)?
-7
Let t(p) = -35*p - 390. Give t(-11).
-5
Let s(y) = 4*y**2 + 128*y + 43. What is s(-32)?
43
Let a(u) = 2*u**2 + 41*u - 249. Determine a(5).
6
Let v(r) = r**3 - 4*r**2 + r - 17. What is v(4)?
-13
Let n(b) = 26*b - 206. What is n(8)?
2
Let c(a) = a**3 - 11*a**2 - 13*a + 13. Determine c(12).
1
Let p(h) = 49*h. What is p(-1)?
-49
Let s(q) = -2*q**2 + 33*q + 1. Give s(16).
17
Let g(z) = 217*z - 1079. Calculate g(5).
6
Let t(j) = j**2 - 10*j + 20. Determine t(6).
-4
Let g(d) = 27*d + 77. Give g(-5).
-58
Let q(g) = g**3 - 17*g**2 - 59*g - 17. Calculate q(20).
3
Let f(g) = -g**3 - 7*g**2 + 3*g + 11. What is f(-8)?
51
Let k(c) = c**2 + 6*c - 9. Calculate k(-7).
-2
Let l(a) = 4*a + 2. What is l(3)?
14
Let u(s) = -8*s**2 + s. Give u(2).
-30
Let s(c) = c**2 - 2*c + 3. Give s(0).
3
Let g(h) = h**3 + 4*h**2 + 67*h + 198. What is g(-3)?
6
Let i(l) = l**2 + l + 4. Determine i(5).
34
Let w(u) = 2*u - 4. What is w(5)?
6
Let m(u) = -6*u**2 + 2*u + 3. Give m(-1).
-5
Let v(c) = -c**2 + 8*c + 15. What is v(11)?
-18
Let t(s) = -2*s**2 + 13*s - 21. Calculate t(5).
-6
Let m(g) = -g**3 - 6*g**2 - 3*g - 1. What is m(-6)?
17
Let z(k) = 7*k**2 + 18*k + 3. Calculate z(-4).
43
Let d(g) = -g**3 - 4*g**2 - 6*g + 14. Determine d(-5).
69
Let u(f) = -2*f**2 + 21*f + 11. Give u(11).
0
Let f(c) = -7*c**3 + c**2 - 3*c + 3. Give f(2).
-55
Let f(q) = q**3 - 13*q**2 + 12*q + 10. What is f(12)?
10
Let i(x) = x**3 - 7*x**2 + 8. Give i(7).
8
Let n(r) = -3*r + 23. Give n(6).
5
Let s(o) = 6*o**3 + 5*o**2 + 8*o + 6. Calculate s(-2).
-38
Let o(n) = -n**3 + 31*n**2 - 55*n - 75. What is o(29)?
12
Let d(q) = 2*q**2 - 10*q - 14. Give d(6).
-2
Let h(d) = -